(s) = 14*s + 95. Let m(g) = 13*g + 102. Let n(x) = 5*m(x) - 6*p(x). Determine n(-3).
-3
Let t = -13524 - -13529. Let i(p) be the second derivative of p**5/20 - p**4/3 - 5*p**3/6 + 3*p**2/2 + p. Determine i(t).
3
Let k = 2041 - 2044. Let v(j) = j - 3 - 7*j + 5 - 5*j. What is v(k)?
35
Let h(f) = -1431*f + 3 + 4*f**2 + 1426*f - 3*f**2. Suppose 0 = -107*o + 187 + 27. Determine h(o).
-3
Suppose l + 23 = 2*t - 4*l, 3*t + 5*l = -28. Suppose -3*j = x - 4, -2*j + j - 12 = 3*x. Let n = t - x. Let h(w) = -2*w**2 + 6*w - 4. Determine h(n).
-12
Suppose -z + 110 - 317 = 0. Let w = z - -205. Let i(a) = -a - 1. Give i(w).
1
Suppose -18*z + 21*z = -4*f + 26, -5*f + 16 = z. Let y(g) = g**3 - 5*g**2 + 3*g. What is y(f)?
-6
Let w(m) = -8*m**2 - 21*m - 10. Let s(j) = 3*j + 2. Let d(k) = 23*k**2 + 67*k + 32. Let p(z) = -d(z) + 2*s(z). Let t(l) = 6*p(l) - 17*w(l). What is t(-5)?
-3
Let m(c) = c**2 - 246*c - 1261. Let b be m(-5). Let k(h) = 1. Let w(r) = -2*r - 5. Let u(j) = -k(j) + w(j). What is u(b)?
6
Let l(w) be the second derivative of w**5/20 + 13*w**4/12 - w**3/6 - 3*w**2 + 11585*w. Determine l(-13).
7
Let o(f) = 4*f**3 - 30784*f - 3*f**3 + 2 + 30787*f. Determine o(-4).
-74
Let t(a) be the third derivative of 5*a**4/24 + 11*a**3/6 + 4*a**2 + a. Let d(r) = -11*r - 25. Let u(o) = -2*d(o) - 5*t(o). Determine u(-5).
10
Let y(p) = 34*p - 48*p + 2 - 3 + 4 + 60*p + p**2 - 43*p. Let z(b) = -b - 16. Let a be z(-14). Give y(a).
1
Let d(i) = 22*i**2 + 38*i + 51. Let m(h) = 4*h**2 + 4. Let u(c) = d(c) - 5*m(c). Determine u(-18).
-5
Let r be ((-14)/6)/(1/(-3)). Let d(l) = 46*l - 62. Let o(v) = 13*v - 16. Let h(k) = -2*d(k) + 7*o(k). Calculate h(r).
5
Let g(w) = w + 17. Let u(m) = -2*m + 6. Let t(y) = -g(y) + 3*u(y). Let s = -25 - -26. Determine t(s).
-6
Suppose 8 = 9*z - 17*z. Let n(u) = 6*u + 1. Let y(o) = o + 1. Suppose 4*c + 6 = -2. Let j(h) = c*y(h) + n(h). Determine j(z).
-5
Let t(a) = 14*a - 4. Let x(q) = -7*q + 2. Let k(g) = 4*t(g) + 7*x(g). Suppose 5 = 5*m - 5*w, -5*m - 27 = 2*w + w. Let r be (-2 - -7) + m/1. What is k(r)?
12
Let o(d) = -8 + 17 - 27*d - 4*d**2 - 8 - 11 - 9. Determine o(-6).
-1
Let s(x) = 12*x**2 - 178*x - 58. Let g(p) = p**2 - 13*p - 4. Let c(y) = 14*g(y) - s(y). Suppose -4*r + 12 = -4. What is c(r)?
18
Let w(n) = -16*n - 2*n**2 - 7*n - 7 + 3*n**2 + 17*n - n. What is w(0)?
-7
Let y(p) = -p**3 - 3*p**2 + 6*p - 5. Let u = 10 + -417. Let h = 402 + u. Give y(h).
15
Let i(s) = 2*s**2 - 10*s + 8. Let f be i(5). Suppose 0 = k - 3*k - f. Let v be ((-6)/k + -3)*-2. Let q(t) = t + 4. Calculate q(v).
7
Suppose 6*v - 52 = -7*v. Let c be v - 19/(152/96). Let d(j) = -j**3 - 9*j**2 - 9*j - 7. What is d(c)?
1
Let a be 19/((-114)/(-12))*(45/(-2))/9. Let s(d) = -17*d - 18. Determine s(a).
67
Let y(i) = i**3 + 11*i**2 - 13*i - 18. Let v(p) = -3*p**2 - 3*p + 10. Let j be v(0). Suppose -98 = 9*b + j. Calculate y(b).
-6
Let b(f) = 3*f + 15. Let l be b(-5). Let h(a) = 2*a + 1 + 19*a**2 - 12*a**2 - 8*a**2 + l*a. Let n(d) = -d**3 + 5*d**2 - 2. Let c be n(5). Give h(c).
-7
Let z(b) = b**3 + 4*b**2 - 8*b - 30. Suppose -452 = 37*j + 78*j - 2*j. Calculate z(j).
2
Let v(z) = 2*z**3 - 5*z**2 + 8*z - 3. Suppose 5*j - 18 = 4*t - 2, 2*j = -2*t + 10. Calculate v(j).
77
Let i(s) = -3*s**2 + 5. Suppose 0 = -m + 2*l + 11, -206*l + 203*l = 12. Determine i(m).
-22
Let b be 5*(12/5 + -2). Let r(o) = -81 - 4*o + 160 - 78 + b*o + o. What is r(-8)?
9
Let a(m) = m**3 + 4*m**2 - 4*m + 6. Suppose 4*c - 4*n + 12 = 0, -4*c - 3*n - 79 = -60. Give a(c).
22
Let d(b) = -b**2 - 5*b + 12. Suppose 4*z - 21 = g, -5*z + 5*g = 1 - 31. Let k be (-10)/(-4)*-18*z/25. What is d(k)?
-24
Let j(r) be the second derivative of 3*r**2 - 1 - 1/2*r**3 + 84*r - 1/12*r**4. Determine j(-5).
-4
Let n(u) = 4*u**2 + u - 181*u**3 + 180*u**3 - 4*u + 0*u - 11*u**2. Let i(h) = -h**2 + 8*h - 4. Let a be i(5). Suppose -x - a = -5. What is n(x)?
-18
Let y(q) = -16*q - 32. Let b = 8377 + -8382. Give y(b).
48
Let b = -3804 - -3798. Let t(r) = -3*r**2 - 16*r + 2. What is t(b)?
-10
Let d(z) = -9 + 2*z + 5*z**2 + 3*z + 0*z**2 - 3*z**2. Let a(f) = -f**2 - 3*f + 4. Let m(i) = 9*a(i) + 4*d(i). Calculate m(-6).
6
Let k be (5/(-4))/(-7 + 440/64). Suppose -2*h - 16 = -5*r - 0*r, -2*r + k = h. Let i(y) = y + 7. Let c(n) = 5*n + 29. Let a(q) = 2*c(q) - 9*i(q). Give a(r).
-1
Let j(s) = -118*s**2 + 8*s - 10. Let f(q) = 162*q**2 - 8*q + 11. Let w(g) = 2*f(g) + 3*j(g). Calculate w(1).
-30
Let z(a) = 21*a**3 - a**2 - 3*a + 4. Suppose 7*c = -2696 + 2703. Calculate z(c).
21
Let g(f) = -f + 2. Let l be (-1 - 6/(-4)) + 608/64. Let b be ((-6)/l)/(2/(-10)). Suppose 4*u - 4*p = 12, 3*p - b = -0. Calculate g(u).
-2
Suppose 6*o = 36*o - 91440. Let u(r) = 4*r - r - o - 4*r + 3046. Let z be (30/9)/((-4)/6). Calculate u(z).
3
Let w(m) = -235 + 227 + 59755*m - 59762*m + m**2. Let i(p) = p**3 + 9*p**2 - 5. Let c be i(-9). Let r = c + 14. What is w(r)?
10
Let u(k) be the first derivative of k**4/4 - 2*k**3 + 5*k**2/2 - 8*k - 638. Determine u(4).
-20
Let y be -1 + 2/(5 + 9/(-2)). Suppose 5*n + 29 = -4*t + 8*n, -4 = -t - y*n. Let l(q) = -q**3 - 4*q**2 + 3*q - 5. Determine l(t).
5
Let f(n) = -3*n**2 + 0*n**3 + n**3 - 1 - n - n. Let g be 41 + -47 - 7*-1. Suppose 2*b - y - 4 + g = 0, -3*b - y = -12. Determine f(b).
-7
Let f(c) = -c**2 + 15*c - 15. Let z be f(10). Let o be (-4)/(-7) + 155/z. Suppose 8*s = o*s + 12. Let y(p) = -p**2 + 5*p - 3. Give y(s).
1
Let w(c) be the third derivative of -c**5/60 + c**4/3 + 7*c**3/6 + 253*c**2 - c + 3. Determine w(-2).
-13
Let b be (87/(-58))/(2/(-4)). Let o(w) = 2*w**b + 2*w - 16 - w - 3*w**2 + 19 - 3*w. Determine o(3).
24
Let n(u) be the first derivative of 2*u**2 + 30*u - 593. Determine n(-8).
-2
Let r = 5641 + -5630. Let z(j) = 3*j - 34. What is z(r)?
-1
Let w(b) = 4*b**3 + 18*b**2 + 30*b + 7. Let c(a) = 7*a**3 + 37*a**2 + 50*a + 15. Let n(o) = -3*c(o) + 5*w(o). Give n(-21).
-10
Let y(s) = -4*s**3 - 2*s**2 + 5*s - 3. Let c(o) = 11*o**3 + 7*o**2 - 15*o + 8. Let t = 6 - -2. Let u(b) = t*y(b) + 3*c(b). Let j = -1006 - -1000. What is u(j)?
-6
Let u be ((-125)/(-50))/(0 - 40/96). Let i(l) = -30*l - 188. Give i(u).
-8
Let c = -128 - -128. Let r(m) = -2*m**2 + m - 6 - 4 - 6*m**2 + 9*m**2. Determine r(c).
-10
Let s(f) = -f**3 - 2*f**2 + 22*f - 10. Let a be s(-6). Let m(j) = -j - 9*j**a + 8*j**2 - 1 + 9*j**2. What is m(-1)?
8
Let a = 6 - 3. Let f(h) = 6*h - 5. Let v be f(6). Let u(b) = 11*b**2 - b + 1 - v*b**2 + 13*b**2 + 8*b**2. Give u(a).
7
Let n = -2012 - -2013. Let w(g) = -6*g**2 + 2*g - 3. What is w(n)?
-7
Suppose 0 = -3*g - 0*g. Let f(k) = -26 + 18 - k**3 - 26164*k + 26165*k + k**2. Calculate f(g).
-8
Let s(z) = 38 + 20 + 83 + 19 + 90 - 9*z. Calculate s(28).
-2
Let x = -1 + -3. Let g(h) be the first derivative of -h**4/4 - 4*h**3/3 - h**2/2 - 4*h - 4762. Calculate g(x).
0
Let j(z) = -16*z**3 + z**2 - 4*z - 18. Let x(p) = -18*p**3 + p**2 - 5*p - 21. Let w(b) = -7*j(b) + 6*x(b). Determine w(2).
24
Let s(o) = o**2 + 2*o - 1. Let u(d) = 6*d**2 + 22*d + 3. Let b(z) = 4*s(z) - u(z). Let w be b(-6). Let l(c) = -c**3 + 4*c**2 + 5. Calculate l(w).
-20
Let m = -498 - -499. Let h be m + 6 + (-124)/62. Let b(n) = -n**2 + n + 5. Determine b(h).
-15
Let r(z) = -2*z**3 + 65*z**2 + 29*z + 125. Let t be r(33). Let b(s) = s**3 + s**2 - 36*s + 6. Determine b(t).
-36
Let y be (18 + -15)/((-3)/(-2)). Suppose -4*o + y*m + 100 = 0, 38 = 2*o + 3*m + 2*m. Let c(d) = -2*d - 46*d**3 + o*d**3 + 3*d + 25*d**3. Give c(-1).
-4
Let d(r) = 13*r**2 + 6*r. Let h(l) = -8*l**2 - 3*l + 1. Let j(s) = -3*d(s) - 5*h(s). Determine j(-4).
23
Let h = 181 - 174. Suppose -11*f = -h*f + 3*f. Let k(x) = -x**2 + x + 29. Calculate k(f).
29
Suppose 2*z = 250 - 252, -3*f = -3*z + 54. Let j(q) = -10*q**2 - 191*q - 27. Determine j(f).
-8
Let t(w) = -4*w**2 + 67*w + 12. Let b(n) be the third derivative of n**5/60 - 17*n**4/24 - n**3/3 + 4*n**2 - 2. Let v(u) = -9*b(u) - 2*t(u). Calculate v(19).
-6
Let p(h) be the second derivative of h**4/6 - h**3/6 - 24*h - 1. Let y(j) = 8*j**2 - 11*j + 3. Let o(v) = 3*p(v) - y(v). Determine o(6).
-27
Let c(v) = -v**3 - 25*v**2 + 4*v + 25. Let n = -11034 + 11009. What is c(n)?
-75
Let m(u) be the third derivative of u**6/240 - u**5/60 + 19*u**4/6 - 107*u**2. Let k(c) be the second derivative of m(c). Suppose h + 1 = 5. Give k(h).
10
Suppose -14*c 